
In base 12, what is -1381 + -1a446?
-1b807
In base 2, what is 1110010 + 11000110001100001111?
11000110001110000001
In base 16, what is 10f + -9bc?
-8ad
In base 11, what is -199145 - 13?
-199158
In base 6, what is 4523 - -45323?
54250
In base 3, what is 12001102200 - -2021220?
12010201120
In base 7, what is 2245 + 203321?
205566
In base 4, what is -3 + -200011122123?
-200011122132
In base 9, what is 164612 + 130?
164742
In base 3, what is -1110 + 12122000?
12120120
In base 3, what is 10112020 + 111120010220?
111200200010
In base 8, what is 3 + -704707271?
-704707266
In base 15, what is 6ecd7 + -31?
6eca6
In base 11, what is -4707 - -118563?
113957
In base 16, what is 13d4b + -8dd?
1346e
In base 12, what is 4b06b + 16b?
4b21a
In base 2, what is 101010110010000100 + -10001111?
101010101111110101
In base 3, what is -21122211110 + 10120?
-21122200220
In base 6, what is -443542430 + 3?
-443542423
In base 11, what is -17 - -574834?
574818
In base 10, what is 7 + 79264652?
79264659
In base 9, what is -28677 + 2548?
-26128
In base 6, what is 15244 - 124000?
-104312
In base 16, what is 14 + ea1cc?
ea1e0
In base 5, what is 33004 - 1013203?
-430144
In base 11, what is 173222 + -31?
1731a1
In base 6, what is -231350520 + -21?
-231350541
In base 11, what is -1 + -1430779?
-143077a
In base 15, what is -7a3da - 60?
-7a44a
In base 15, what is -16 + da507?
da4e1
In base 4, what is -12011210123 + 1?
-12011210122
In base 10, what is 1165 + 20134?
21299
In base 3, what is -2120202110212 - -12?
-2120202110200
In base 14, what is -1148 - c3b7?
-d521
In base 8, what is 1556 + -14135?
-12357
In base 7, what is 203125 - -31526?
234654
In base 6, what is 405 - 30400545?
-30400140
In base 10, what is -18849167 - -4?
-18849163
In base 16, what is 4 + -a60da?
-a60d6
In base 4, what is -3313 + 201103001?
201033022
In base 11, what is -16a438355 - 3?
-16a438358
In base 7, what is -2340 - -53505?
51135
In base 15, what is -1250db8 - -1?
-1250db7
In base 7, what is -1 - -240551112?
240551111
In base 12, what is 1 - -9164447?
9164448
In base 7, what is -1133560 - 550?
-1134440
In base 4, what is 10222 + -13000231323?
-13000221101
In base 5, what is 1 + 1234413211?
1234413212
In base 10, what is -17275 + -2368?
-19643
In base 7, what is -22 + 605246?
605224
In base 3, what is -212001201220011020 - -12?
-212001201220011001
In base 4, what is 13130032 + -20333?
13103033
In base 15, what is -3d + -399d1a?
-399d58
In base 8, what is 2311401011 + 2?
2311401013
In base 16, what is -c93474 - -6?
-c9346e
In base 13, what is 10c80aa + -3?
10c80a7
In base 11, what is 203470105 + 3?
203470108
In base 7, what is -2152 + 2640363?
2635211
In base 10, what is -3 + 23655749?
23655746
In base 13, what is 36c5 - 32645?
-2bc50
In base 4, what is 1 - -1010021213?
1010021220
In base 6, what is -2054 + -441102?
-443200
In base 5, what is 421223 + -414?
420304
In base 10, what is -1038 - 262?
-1300
In base 14, what is -5 + -8163b5?
-8163ba
In base 16, what is -667a5 - -18?
-6678d
In base 8, what is -5056 - -4575?
-261
In base 16, what is 12522c - -4?
125230
In base 6, what is -225032 + 10201?
-214431
In base 3, what is 101011211112 + 1220222?
101020202111
In base 12, what is -7235 - -a0?
-7155
In base 16, what is -1 - 18e351c?
-18e351d
In base 5, what is -420 + 431012404?
431011434
In base 9, what is -481600 - -151?
-481438
In base 12, what is 1a + -4b7811?
-4b77b3
In base 12, what is -554 - 7391?
-7925
In base 13, what is -15096 + 27?
-1506c
In base 12, what is 3 - -6784421?
6784424
In base 16, what is 4 - 93aa464?
-93aa460
In base 7, what is 112 + 160565?
161010
In base 13, what is -745 - -1b2876?
1b2131
In base 7, what is -5406 - 104025?
-112434
In base 13, what is -6ab2 - a384?
-14166
In base 16, what is 426 - 6888c?
-68466
In base 4, what is 1110211323 - -12?
1110212001
In base 11, what is 2 + -11a8466?
-11a8464
In base 5, what is 13 + 1043131130?
1043131143
In base 13, what is -4 - -2274840?
2274839
In base 12, what is -143a2 - 8b?
-14471
In base 5, what is -14002 + 212413100?
212344043
In base 7, what is 131 + -625643?
-625512
In base 13, what is -62 + 12b?
99
In base 4, what is 103233 - -12013120?
12123013
In base 14, what is bc317 - 54?
bc2a3
In base 4, what is 311331 - 230030?
21301
In base 9, what is 10083 + -620?
8363
In base 16, what is -4252 + 94?
-41be
In base 8, what is 1 + -613252502?
-613252501
In base 14, what is 3bc9 - 647?
3582
In base 2, what is -10101011 - 1011011101000010?
-1011011111101101
In base 11, what is 11575 + -7a18?
4658
In base 11, what is 193644 - -9?
193652
In base 9, what is 5 + -33164533?
-33164527
In base 14, what is 5097985 - -22?
50979a7
In base 12, what is -4 + -1b848a7a?
-1b848a82
In base 5, what is -11130 + 11314?
134
In base 15, what is -3 - 2da86c2?
-2da86c5
In base 6, what is 4 - -204313542?
204313550
In base 16, what is 240365c - f?
240364d
In base 4, what is -203213332 + 33131?
-203120201
In base 3, what is 2020 + -120121201010201?
-120121201001111
In base 10, what is -1043667 + -700?
-1044367
In base 5, what is -2 - -432002000?
432001443
In base 4, what is 3103013223 + 1330?
3103021213
In base 12, what is -4b - -59a106?
59a077
In base 8, what is -40 - 30715?
-30755
In base 2, what is -100111100110001 + 10100000110?
-100101000101011
In base 4, what is -11123 + 13131232323?
13131221200
In base 3, what is 121121102 + 2021121222?
2220020101
In base 9, what is 4 - -24742814?
24742818
In base 4, what is 1013230311202 - -2?
1013230311210
In base 4, what is -2103012231111 + 2?
-2103012231103
In base 16, what is 85 + 5656b?
565f0
In base 13, what is -47381 + -1c22?
-492a3
In base 13, what is 6c426a6 + -a?
6c42699
In base 11, what is a020 - 874?
9257
In base 2, what is -1011100100110011001000000 + 100?
-1011100100110011000111100
In base 8, what is -116241543 + 17?
-116241524
In base 10, what is -122 + -31074?
-31196
In base 14, what is 197 + -3274?
-30bb
In base 10, what is -667 - 8251?
-8918
In base 12, what is 249 - -2b7b3?
2ba40
In base 16, what is 36 - -741c9?
741ff
In base 5, what is 43001030323 - 3?
43001030320
In base 4, what is 2101 - -3201211102?
3201213203
In base 3, what is -2002012122 - -200001?
-2001112121
In base 3, what is -220021222102 - -21020?
-220021201012
In base 8, what is 50143 + 3?
50146
In base 14, what is -3bc10b0 + -3?
-3bc10b3
In base 14, what is 21a9 - -291dc?
2b3a7
In base 13, what is 98 + a699?
a764
In base 12, what is 4ab4 - -3448?
8340
In base 7, what is -6442262 + 22?
-6442240
In base 13, what is -27443 + 184?
-2728c
In base 11, what is 1913830 - 10a?
1913721
In base 9, what is -17526 + 777?
-16638
In base 6, what is -21044401 - -10?
-21044351
In base 9, what is -17 + 1245647?
1245630
In base 3, what is -2000 - 22212201120?
-22212210120
In base 9, what is -4 + 1137423?
1137418
In base 11, what is 6 - -2a360a55?
2a360a60
In base 8, what is 167 + -1046540?
-1046351
In base 8, what is -151 + -62527?
-62700
In base 5, what is 11112444010204 - 1?
11112444010203
In base 6, what is 3343 - 123040?
-115253
In base 15, what is 1 - 4475d82?
-4475d81
In base 5, what is -232442 + -122302?
-410244
In base 2, what is 10101010100 + -101001001100000?
-100110100001100
In base 2, what is -10 + 10110010111100000110111101?
10110010111100000110111011
In base 7, what is -2206 + 4506643?
4504434
In base 10, what is -5859418 + -130?
-5859548
In base 11, what is -304a366 - -289?
-304a088
In base 16, what is -54f + -1441?
-1990
In base 14, what is -104c567c + -1?
-104c567d
In base 15, what is -193 - 185c?
-1a00
In base 8, what is -12154637 + 4?
-12154633
In base 9, what is -11312282 - -33?
-11312248
In base 16, what is -2284e89 + -2?
-2284e8b
In base 4, what is 22221202000 + -10?
22221201330
In base 5, what is 2 + 11031314240?
11031314242
In base 15, what is -38 + -107bb5?
-107bed
In base 13, what is 2 - 64932?
-64930
In base 10, what is -5184554 - 68?
-5184622
In base 15, what is -b - -16771?
16765
In base 2, what is 111 + -11001010101000111011010?
-11001010101000111010011
In base 14, what is 3418a9c5 - 0?
3418a9c5
In base 8, what is 23011557 + -11?
23011546
In base 4, what is 20112 - -22023022?
22103200
In base 8, what is 4 - -43703150?
43703154
In base 9, what is 726 - 1827?
-1101
In base 15, what is -515ca7 + 2?
-515ca5
In base 2, what is 0 - -10